{"id":158,"date":"2024-02-28T16:16:51","date_gmt":"2024-02-28T15:16:51","guid":{"rendered":"https:\/\/dalbo-sk.com\/?post_type=product&#038;p=158"},"modified":"2024-05-30T18:22:30","modified_gmt":"2024-05-30T16:22:30","slug":"dalbo-minimax-450-950-cambridge-crosskil-cross-combi","status":"publish","type":"product","link":"https:\/\/dalbo-sk.com\/index.php\/produkt\/dalbo-minimax-450-950-cambridge-crosskil-cross-combi\/","title":{"rendered":"DALBO MINIMAX 450 \u2013 950 Cambridge, Crosskil, Cross Combi"},"content":{"rendered":"<p><img decoding=\"async\" class=\"alignnone size-medium wp-image-2158 aligncenter\" src=\"http:\/\/dalbo-sk.com\/wp-content\/uploads\/2024\/02\/minimax-3-sekcie-450-950-dalbo-interagro-300x139.jpg\" alt=\"\" width=\"300\" height=\"139\" srcset=\"https:\/\/dalbo-sk.com\/wp-content\/uploads\/2024\/02\/minimax-3-sekcie-450-950-dalbo-interagro-300x139.jpg 300w, https:\/\/dalbo-sk.com\/wp-content\/uploads\/2024\/02\/minimax-3-sekcie-450-950-dalbo-interagro-768x356.jpg 768w, https:\/\/dalbo-sk.com\/wp-content\/uploads\/2024\/02\/minimax-3-sekcie-450-950-dalbo-interagro-600x278.jpg 600w, https:\/\/dalbo-sk.com\/wp-content\/uploads\/2024\/02\/minimax-3-sekcie-450-950-dalbo-interagro.jpg 1000w\" sizes=\"(max-width: 300px) 100vw, 300px\" \/><\/p>\n<table border=\"1\">\n<tbody>\n<tr>\n<td>\n<h4><b>Koncepcia<\/b><\/h4>\n<p><b>Valce MINIMAX<\/b> je v\u0161estrann\u00fd valec, ktor\u00fd sa d\u00e1 vyu\u017ei\u0165 na mnoh\u00e9 \u00fa\u010dely. Vyr\u00e1ba sa od 80-tych rokov minul\u00e9ho storo\u010dia. V\u010faka rozlo\u017eeniu hmotnosti pru\u017einy, DUOFLEXU a \u0161irokej \u0161k\u00e1le prstencov valca zais\u0165uje MINIMAX perfektn\u00fd v\u00fdsledok valca bez oh\u013eadu na pou\u017eitie. MINIMAX je vhodn\u00fd najm\u00e4 pre \u013eahk\u00e9 a stredn\u00e9 typy p\u00f4d v\u010faka n\u00edzkemu uhlu oje a mo\u017enos\u0165 pr\u00edslu\u0161enstva dod\u00e1va v\u0161estrannos\u0165 a flexibilitu, v\u010faka \u010domu je ve\u013emi cenovo v\u00fdhodn\u00fd valec. S MINIMAX dod\u00e1vame presn\u00fd a vysoko v\u00fdkonn\u00fd kvalitn\u00fd valec. Zvl\u00e1dne v\u0161etky \u00falohy valcov pred a po sejbe a mo\u017eno ho pou\u017ei\u0165 aj ako pcker valec na pr\u00edpravu strniska alebo osivov\u00e9ho l\u00f4\u017eka. MINIMAX je n\u00e1\u0161 najmen\u0161\u00ed hydraulick\u00fd skladac\u00ed valec, no st\u00e1le v\u00e1m pon\u00faka v\u0161etku vyu\u017eite\u013enos\u0165, v\u00fdkon a v\u0161estrannos\u0165 na\u0161ich v\u00e4\u010d\u0161\u00edch modelov. Traktorista m\u00f4\u017ee cel\u00e9 skladanie a rozkladanie sekci\u00ed valcov vykon\u00e1va\u0165 zvn\u00fatra traktora a bez potreby \u010fal\u0161ieho man\u00e9vrovania, \u010do je praktick\u00e9 aj bezpe\u010dn\u00e9. V\u0161etky valce MINIMAX maj\u00fa n\u00e1\u0161 zn\u00e1my syst\u00e9m DUOFLEX. <b>Odoln\u00e9 pru\u017einy<\/b>\u00a0zais\u0165uj\u00fa rovnomerne rozlo\u017een\u00fd tlak na p\u00f4du plus individu\u00e1lnu flexibilitu, ktor\u00e1 umo\u017e\u0148uje ka\u017edej sekcii sledova\u0165 meniace sa obrysy po\u013ea a nepravidelnosti. Baliaca kapacita valca je zabezpe\u010den\u00e1 v plnej pracovnej \u0161\u00edrke v\u010faka ve\u013ek\u00e9mu prekrytiu medzi ka\u017edou sekciou, \u010do poskytuje kontakt so zemou v celej \u0161\u00edrke, dokonca aj pri ot\u00e1\u010dan\u00ed a pr\u00e1ci na nerovn\u00fdch poliach. V\u00e4\u010d\u0161ina modelov MINIMAX m\u00f4\u017ee by\u0165 vybaven\u00e1 hydraulicky ovl\u00e1dan\u00fdm pru\u017en\u00fdm lopatkov\u00fdm smykom, \u010do z nej rob\u00ed skvel\u00fd n\u00e1stroj na pr\u00edpravu osivov\u00e9ho l\u00f4\u017eka. Stru\u010dne povedan\u00e9, MINIMAX je jedine\u010dn\u00e1 kombin\u00e1cia hodnoty a v\u0161estrannosti.<\/td>\n<td><a href=\"https:\/\/www.interagro.sk\/wp-content\/uploads\/2024\/02\/konventional-rollers-konvencne-valce-minimax-3-sekcie-opis2-dalbo-interagro.jpg\" data-slb-active=\"1\" data-slb-asset=\"1244416074\" data-slb-internal=\"0\" data-slb-group=\"23691\"><img fetchpriority=\"high\" decoding=\"async\" class=\"aligncenter wp-image-23697\" src=\"https:\/\/www.interagro.sk\/wp-content\/uploads\/2024\/02\/konventional-rollers-konvencne-valce-minimax-3-sekcie-opis2-dalbo-interagro-300x172.jpg\" sizes=\"(max-width: 430px) 100vw, 430px\" srcset=\"https:\/\/www.interagro.sk\/wp-content\/uploads\/2024\/02\/konventional-rollers-konvencne-valce-minimax-3-sekcie-opis2-dalbo-interagro-300x172.jpg 300w, https:\/\/www.interagro.sk\/wp-content\/uploads\/2024\/02\/konventional-rollers-konvencne-valce-minimax-3-sekcie-opis2-dalbo-interagro-768x441.jpg 768w, https:\/\/www.interagro.sk\/wp-content\/uploads\/2024\/02\/konventional-rollers-konvencne-valce-minimax-3-sekcie-opis2-dalbo-interagro-370x212.jpg 370w, https:\/\/www.interagro.sk\/wp-content\/uploads\/2024\/02\/konventional-rollers-konvencne-valce-minimax-3-sekcie-opis2-dalbo-interagro-150x86.jpg 150w, https:\/\/www.interagro.sk\/wp-content\/uploads\/2024\/02\/konventional-rollers-konvencne-valce-minimax-3-sekcie-opis2-dalbo-interagro.jpg 1000w\" alt=\"\" width=\"430\" height=\"247\" \/><\/a><\/td>\n<\/tr>\n<tr>\n<td><a href=\"https:\/\/www.interagro.sk\/wp-content\/uploads\/2024\/02\/konventional-rollers-konvencne-valce-minimax-3-sekcie-opis3-dalbo-interagro.jpg\" data-slb-active=\"1\" data-slb-asset=\"1861608539\" data-slb-internal=\"0\" data-slb-group=\"23691\"><img decoding=\"async\" class=\"aligncenter wp-image-23702\" src=\"https:\/\/www.interagro.sk\/wp-content\/uploads\/2024\/02\/konventional-rollers-konvencne-valce-minimax-3-sekcie-opis3-dalbo-interagro-300x146.jpg\" sizes=\"(max-width: 430px) 100vw, 430px\" srcset=\"https:\/\/www.interagro.sk\/wp-content\/uploads\/2024\/02\/konventional-rollers-konvencne-valce-minimax-3-sekcie-opis3-dalbo-interagro-300x146.jpg 300w, https:\/\/www.interagro.sk\/wp-content\/uploads\/2024\/02\/konventional-rollers-konvencne-valce-minimax-3-sekcie-opis3-dalbo-interagro-768x373.jpg 768w, https:\/\/www.interagro.sk\/wp-content\/uploads\/2024\/02\/konventional-rollers-konvencne-valce-minimax-3-sekcie-opis3-dalbo-interagro-370x180.jpg 370w, https:\/\/www.interagro.sk\/wp-content\/uploads\/2024\/02\/konventional-rollers-konvencne-valce-minimax-3-sekcie-opis3-dalbo-interagro-150x73.jpg 150w, https:\/\/www.interagro.sk\/wp-content\/uploads\/2024\/02\/konventional-rollers-konvencne-valce-minimax-3-sekcie-opis3-dalbo-interagro.jpg 1000w\" alt=\"\" width=\"430\" height=\"209\" \/><\/a><\/td>\n<td>\n<h4><b>Prstence Valca<\/b><\/h4>\n<p><b>SNOWFLAKE\u00ae \u2013 tento<\/b> <b>P<\/b><b>ATENTOVAN\u00dd<\/b> Cambridge prstenec sa pou\u017e\u00edva v kombin\u00e1cii s l\u00e1mac\u00edm kr\u00fa\u017ekom a je vhodn\u00fd na v\u00e4\u010d\u0161inu \u00fa\u010delov, pred aj po sejbe. Je vhodn\u00fd najm\u00e4 na starostlivos\u0165 o tr\u00e1vne porasty, ako aj pou\u017eitie spolu s hydraulick\u00fdm lopatkov\u00fdm smykom na urovn\u00e1vanie hrudovit\u00fdch p\u00f4d. Prstence Cross Combi s\u00fa ve\u013emi vhodn\u00e9 na pr\u00edpravu osivov\u00e9ho l\u00f4\u017eka a valcovanie tr\u00e1vnych porastov. Kruhov\u00fd typ Crosskill sa pou\u017e\u00edva predov\u0161etk\u00fdm na osivov\u00e9 l\u00f4\u017eka a ponech\u00e1va p\u00f4du navrchu kypr\u00fa.<\/td>\n<\/tr>\n<tr>\n<td>\n<h4><b>Cracker board \u2013 Hydraulick\u00fd lopatkov\u00fd pru\u017en\u00fd smyk<\/b><\/h4>\n<p>Hydraulicky ovl\u00e1dan\u00fd a nastavite\u013en\u00fd dlopatkov\u00fd pru\u017en\u00fd smyk, pozost\u00e1vaj\u00faca zo siln\u00fdch 80 mm pru\u017einov\u00fdch hrotov s 200 x 12 mm kovan\u00fdmi opotrebite\u013en\u00fdmi \u010das\u0165ami.. V\u010faka tomu je ide\u00e1lny na drvenie hr\u00fad a vyrovn\u00e1vanie p\u00f4dy, \u010d\u00edm zanech\u00e1va p\u00f4du kypr\u00fa, hladk\u00fa a v perfektnom stave pre sekciu valcov. Pri pou\u017eit\u00ed MINIMAX len na valcovanie je mo\u017en\u00e9 Cracker smyk zdvihn\u00fa\u0165 hydraulicky, \u010do poskytuje zv\u00fd\u0161en\u00fa vyu\u017eite\u013enos\u0165 a v\u0161estrannos\u0165. Smyk cracker vy\u017eaduje dodato\u010dn\u00fd dvoj\u010dinn\u00fd hydraulick\u00fd v\u00fdstup na traktore. Na dosiahnutie optim\u00e1lnych pracovn\u00fdch podmienok a t\u00fdm aj efektu lopatkov\u00e9ho smyku odpor\u00fa\u010dame pracovn\u00fa r\u00fdchlos\u0165 8-10 km za hodinu.<\/td>\n<td><a href=\"https:\/\/www.interagro.sk\/wp-content\/uploads\/2024\/02\/konventional-rollers-konvencne-valce-minimax-3-sekcie-opis4-dalbo-interagro.jpg\" data-slb-active=\"1\" data-slb-asset=\"1808891582\" data-slb-internal=\"0\" data-slb-group=\"23691\"><img loading=\"lazy\" decoding=\"async\" class=\"aligncenter wp-image-23707\" src=\"https:\/\/www.interagro.sk\/wp-content\/uploads\/2024\/02\/konventional-rollers-konvencne-valce-minimax-3-sekcie-opis4-dalbo-interagro-300x172.jpg\" sizes=\"(max-width: 430px) 100vw, 430px\" srcset=\"https:\/\/www.interagro.sk\/wp-content\/uploads\/2024\/02\/konventional-rollers-konvencne-valce-minimax-3-sekcie-opis4-dalbo-interagro-300x172.jpg 300w, https:\/\/www.interagro.sk\/wp-content\/uploads\/2024\/02\/konventional-rollers-konvencne-valce-minimax-3-sekcie-opis4-dalbo-interagro-768x441.jpg 768w, https:\/\/www.interagro.sk\/wp-content\/uploads\/2024\/02\/konventional-rollers-konvencne-valce-minimax-3-sekcie-opis4-dalbo-interagro-370x212.jpg 370w, https:\/\/www.interagro.sk\/wp-content\/uploads\/2024\/02\/konventional-rollers-konvencne-valce-minimax-3-sekcie-opis4-dalbo-interagro-150x86.jpg 150w, https:\/\/www.interagro.sk\/wp-content\/uploads\/2024\/02\/konventional-rollers-konvencne-valce-minimax-3-sekcie-opis4-dalbo-interagro.jpg 1000w\" alt=\"\" width=\"430\" height=\"247\" \/><\/a><\/td>\n<\/tr>\n<\/tbody>\n<\/table>\n<table border=\"1\">\n<tbody>\n<tr>\n<td colspan=\"2\"><\/td>\n<\/tr>\n<\/tbody>\n<\/table>\n","protected":false},"excerpt":{"rendered":"<p>Koncepcia Valce MINIMAX je v\u0161estrann\u00fd valec, ktor\u00fd sa d\u00e1 vyu\u017ei\u0165 na mnoh\u00e9 \u00fa\u010dely. Vyr\u00e1ba sa od 80-tych rokov minul\u00e9ho storo\u010dia. V\u010faka rozlo\u017eeniu hmotnosti pru\u017einy, DUOFLEXU a \u0161irokej \u0161k\u00e1le prstencov valca zais\u0165uje MINIMAX perfektn\u00fd v\u00fdsledok valca bez oh\u013eadu na pou\u017eitie. MINIMAX je vhodn\u00fd najm\u00e4 pre \u013eahk\u00e9 a stredn\u00e9 typy p\u00f4d v\u010faka n\u00edzkemu uhlu oje a mo\u017enos\u0165&#8230;<\/p>\n","protected":false},"featured_media":159,"template":"","meta":{"om_disable_all_campaigns":false,"_monsterinsights_skip_tracking":false,"_monsterinsights_sitenote_active":false,"_monsterinsights_sitenote_note":"","_monsterinsights_sitenote_category":0,"_kad_post_transparent":"default","_kad_post_title":"","_kad_post_layout":"default","_kad_post_sidebar_id":"","_kad_post_content_style":"default","_kad_post_vertical_padding":"default","_kad_post_feature":"","_kad_post_feature_position":"","_kad_post_header":false,"_kad_post_footer":false},"product_brand":[],"product_cat":[36,53,26,27],"product_tag":[],"class_list":{"0":"post-158","1":"product","2":"type-product","3":"status-publish","4":"has-post-thumbnail","6":"product_cat-konvecne-valce","7":"product_cat-minimax","8":"product_cat-systemove-valce","9":"product_cat-valce","11":"first","12":"instock","13":"shipping-taxable","14":"product-type-simple","15":"entry","16":"content-bg","17":"loop-entry"},"aioseo_notices":[],"_links":{"self":[{"href":"https:\/\/dalbo-sk.com\/index.php\/wp-json\/wp\/v2\/product\/158"}],"collection":[{"href":"https:\/\/dalbo-sk.com\/index.php\/wp-json\/wp\/v2\/product"}],"about":[{"href":"https:\/\/dalbo-sk.com\/index.php\/wp-json\/wp\/v2\/types\/product"}],"wp:featuredmedia":[{"embeddable":true,"href":"https:\/\/dalbo-sk.com\/index.php\/wp-json\/wp\/v2\/media\/159"}],"wp:attachment":[{"href":"https:\/\/dalbo-sk.com\/index.php\/wp-json\/wp\/v2\/media?parent=158"}],"wp:term":[{"taxonomy":"product_brand","embeddable":true,"href":"https:\/\/dalbo-sk.com\/index.php\/wp-json\/wp\/v2\/product_brand?post=158"},{"taxonomy":"product_cat","embeddable":true,"href":"https:\/\/dalbo-sk.com\/index.php\/wp-json\/wp\/v2\/product_cat?post=158"},{"taxonomy":"product_tag","embeddable":true,"href":"https:\/\/dalbo-sk.com\/index.php\/wp-json\/wp\/v2\/product_tag?post=158"}],"curies":[{"name":"wp","href":"https:\/\/api.w.org\/{rel}","templated":true}]}}