{"id":2639,"date":"2024-06-23T21:57:35","date_gmt":"2024-06-23T19:57:35","guid":{"rendered":"https:\/\/dalbo-sk.com\/?page_id=2639"},"modified":"2024-06-25T20:30:13","modified_gmt":"2024-06-25T18:30:13","slug":"cultitrail-500-600","status":"publish","type":"page","link":"https:\/\/dalbo-sk.com\/index.php\/cultitrail-500-600\/","title":{"rendered":"CULTITRAIL 500-600"},"content":{"rendered":"\t\t<div data-elementor-type=\"wp-page\" data-elementor-id=\"2639\" class=\"elementor elementor-2639\">\n\t\t\t\t<div class=\"elementor-element elementor-element-ed7c287 e-flex e-con-boxed e-con e-parent\" data-id=\"ed7c287\" data-element_type=\"container\" data-e-type=\"container\">\n\t\t\t\t\t<div class=\"e-con-inner\">\n\t\t\t\t<div class=\"elementor-element elementor-element-ab68a73 elementor-widget elementor-widget-text-editor\" data-id=\"ab68a73\" data-element_type=\"widget\" data-e-type=\"widget\" data-widget_type=\"text-editor.default\">\n\t\t\t\t<div class=\"elementor-widget-container\">\n\t\t\t\t\t\t\t\t\t<p><strong>CULTITRAIL 500-600<\/strong><\/p><p>CULTITRAIL je \u0165ahan\u00fd z\u00e1honov\u00fd kultiv\u00e1tor s prepravnou \u0161\u00edrkou len 2,50 m. Jednoduch\u00e1 kon\u0161trukcia je vybaven\u00e1 hydraulicky nastavite\u013enou doskou a 5-radovou sekciou br\u00e1ny s pru\u017einov\u00fdmi hrotmi, ktor\u00e1 poskytuje v\u00fdnimo\u010dn\u00fd kultiva\u010dn\u00fd efekt.<\/p><p>CULTITRAIL predstavuje jednoduchos\u0165 a produktivitu spojen\u00fa v jednom stroji.<\/p>\t\t\t\t\t\t\t\t<\/div>\n\t\t\t\t<\/div>\n\t\t\t\t\t<\/div>\n\t\t\t\t<\/div>\n\t\t<div class=\"elementor-element elementor-element-4df2642 e-flex e-con-boxed e-con e-parent\" data-id=\"4df2642\" data-element_type=\"container\" data-e-type=\"container\">\n\t\t\t\t\t<div class=\"e-con-inner\">\n\t\t\t\t<div class=\"elementor-element elementor-element-cbc8833 elementor-widget elementor-widget-image\" data-id=\"cbc8833\" data-element_type=\"widget\" data-e-type=\"widget\" data-widget_type=\"image.default\">\n\t\t\t\t<div class=\"elementor-widget-container\">\n\t\t\t\t\t\t\t\t\t\t\t\t\t\t\t<img fetchpriority=\"high\" decoding=\"async\" width=\"1024\" height=\"359\" src=\"https:\/\/dalbo-sk.com\/wp-content\/uploads\/2024\/06\/Snimka-obrazovky-2024-06-23-o-21.18.50-1024x359.png\" class=\"attachment-large size-large wp-image-2641\" alt=\"\" srcset=\"https:\/\/dalbo-sk.com\/wp-content\/uploads\/2024\/06\/Snimka-obrazovky-2024-06-23-o-21.18.50-1024x359.png 1024w, https:\/\/dalbo-sk.com\/wp-content\/uploads\/2024\/06\/Snimka-obrazovky-2024-06-23-o-21.18.50-300x105.png 300w, https:\/\/dalbo-sk.com\/wp-content\/uploads\/2024\/06\/Snimka-obrazovky-2024-06-23-o-21.18.50-768x269.png 768w, https:\/\/dalbo-sk.com\/wp-content\/uploads\/2024\/06\/Snimka-obrazovky-2024-06-23-o-21.18.50-1536x539.png 1536w, https:\/\/dalbo-sk.com\/wp-content\/uploads\/2024\/06\/Snimka-obrazovky-2024-06-23-o-21.18.50-2048x718.png 2048w, https:\/\/dalbo-sk.com\/wp-content\/uploads\/2024\/06\/Snimka-obrazovky-2024-06-23-o-21.18.50-600x210.png 600w\" sizes=\"(max-width: 1024px) 100vw, 1024px\" \/>\t\t\t\t\t\t\t\t\t\t\t\t\t\t\t<\/div>\n\t\t\t\t<\/div>\n\t\t\t\t\t<\/div>\n\t\t\t\t<\/div>\n\t\t<div class=\"elementor-element elementor-element-7d6cffd e-flex e-con-boxed e-con e-parent\" data-id=\"7d6cffd\" data-element_type=\"container\" data-e-type=\"container\">\n\t\t\t\t\t<div class=\"e-con-inner\">\n\t\t\t\t<div class=\"elementor-element elementor-element-2833145 elementor-widget elementor-widget-heading\" data-id=\"2833145\" data-element_type=\"widget\" data-e-type=\"widget\" data-widget_type=\"heading.default\">\n\t\t\t\t<div class=\"elementor-widget-container\">\n\t\t\t\t\t<h2 class=\"elementor-heading-title elementor-size-default\">Technick\u00e9 parametre<\/h2>\t\t\t\t<\/div>\n\t\t\t\t<\/div>\n\t\t\t\t\t<\/div>\n\t\t\t\t<\/div>\n\t\t<div class=\"elementor-element elementor-element-7232919 e-con-full e-flex e-con e-parent\" data-id=\"7232919\" data-element_type=\"container\" data-e-type=\"container\">\n\t\t\t\t<div class=\"elementor-element elementor-element-cce1d2b elementor-widget elementor-widget-image\" data-id=\"cce1d2b\" data-element_type=\"widget\" data-e-type=\"widget\" data-widget_type=\"image.default\">\n\t\t\t\t<div class=\"elementor-widget-container\">\n\t\t\t\t\t\t\t\t\t\t\t\t\t\t\t<img decoding=\"async\" width=\"1024\" height=\"597\" src=\"https:\/\/dalbo-sk.com\/wp-content\/uploads\/2024\/06\/Snimka-obrazovky-2024-06-25-o-20.07.57-1024x597.png\" class=\"attachment-large size-large wp-image-2649\" alt=\"\" srcset=\"https:\/\/dalbo-sk.com\/wp-content\/uploads\/2024\/06\/Snimka-obrazovky-2024-06-25-o-20.07.57-1024x597.png 1024w, https:\/\/dalbo-sk.com\/wp-content\/uploads\/2024\/06\/Snimka-obrazovky-2024-06-25-o-20.07.57-300x175.png 300w, https:\/\/dalbo-sk.com\/wp-content\/uploads\/2024\/06\/Snimka-obrazovky-2024-06-25-o-20.07.57-768x448.png 768w, https:\/\/dalbo-sk.com\/wp-content\/uploads\/2024\/06\/Snimka-obrazovky-2024-06-25-o-20.07.57-600x350.png 600w, https:\/\/dalbo-sk.com\/wp-content\/uploads\/2024\/06\/Snimka-obrazovky-2024-06-25-o-20.07.57.png 1224w\" sizes=\"(max-width: 1024px) 100vw, 1024px\" \/>\t\t\t\t\t\t\t\t\t\t\t\t\t\t\t<\/div>\n\t\t\t\t<\/div>\n\t\t\t\t<\/div>\n\t\t<div class=\"elementor-element elementor-element-97870de e-flex e-con-boxed e-con e-parent\" data-id=\"97870de\" data-element_type=\"container\" data-e-type=\"container\">\n\t\t\t\t\t<div class=\"e-con-inner\">\n\t\t<div class=\"elementor-element elementor-element-67ac2df e-con-full e-flex e-con e-child\" data-id=\"67ac2df\" data-element_type=\"container\" data-e-type=\"container\">\n\t\t\t\t<div class=\"elementor-element elementor-element-2065666 elementor-widget elementor-widget-text-editor\" data-id=\"2065666\" data-element_type=\"widget\" data-e-type=\"widget\" data-widget_type=\"text-editor.default\">\n\t\t\t\t<div class=\"elementor-widget-container\">\n\t\t\t\t\t\t\t\t\t<p><span class=\"Apple-converted-space\">\u00a0<\/span>N\u00e1\u0161 CULTITRAIL je vynikaj\u00facim n\u00e1strojom pre farm\u00e1rov, ktor\u00ed potrebuj\u00fa jednoduch\u00fd, ale efekt\u00edvny kultiv\u00e1tor na osev<\/p><p>R\u00e1m je navrhnut\u00fd bez kompromisov v rozlo\u017een\u00ed hrotov br\u00e1ny. CULTITRAIL m\u00e1 preto dokonal\u00fa konfigur\u00e1ciu hrotov s minim\u00e1lne 400 mm k najbli\u017e\u0161iemu hrotu.<\/p><p>Tento dizajn zais\u0165uje fantastick\u00fd tok p\u00f4dy a rastlinn\u00fdch zvy\u0161kov s minim\u00e1lnym rizikom upchatia. CULTITRAIL m\u00f4\u017ee by\u0165 vybaven\u00fd r\u00f4znymi mo\u017enos\u0165ami, aby vyhovoval individu\u00e1lnym potreb\u00e1m ka\u017ed\u00e9ho z\u00e1kazn\u00edka.<\/p><p>CULTITRAIL v\u00e1m pom\u00f4\u017ee vyrobi\u0165 optim\u00e1lne osivov\u00e9 l\u00f4\u017eka bez oh\u013eadu na kombin\u00e1ciu mo\u017enost\u00ed, ktor\u00e9 si zvol\u00edte.<\/p>\t\t\t\t\t\t\t\t<\/div>\n\t\t\t\t<\/div>\n\t\t\t\t<\/div>\n\t\t<div class=\"elementor-element elementor-element-a016add e-con-full e-flex e-con e-child\" data-id=\"a016add\" data-element_type=\"container\" data-e-type=\"container\">\n\t\t\t\t<div class=\"elementor-element elementor-element-09c953c elementor-widget elementor-widget-image\" data-id=\"09c953c\" data-element_type=\"widget\" data-e-type=\"widget\" data-widget_type=\"image.default\">\n\t\t\t\t<div class=\"elementor-widget-container\">\n\t\t\t\t\t\t\t\t\t\t\t\t\t\t\t<img decoding=\"async\" width=\"1024\" height=\"669\" src=\"https:\/\/dalbo-sk.com\/wp-content\/uploads\/2024\/06\/Snimka-obrazovky-2024-06-25-o-20.11.02-1024x669.png\" class=\"attachment-large size-large wp-image-2650\" alt=\"\" srcset=\"https:\/\/dalbo-sk.com\/wp-content\/uploads\/2024\/06\/Snimka-obrazovky-2024-06-25-o-20.11.02-1024x669.png 1024w, https:\/\/dalbo-sk.com\/wp-content\/uploads\/2024\/06\/Snimka-obrazovky-2024-06-25-o-20.11.02-300x196.png 300w, https:\/\/dalbo-sk.com\/wp-content\/uploads\/2024\/06\/Snimka-obrazovky-2024-06-25-o-20.11.02-768x502.png 768w, https:\/\/dalbo-sk.com\/wp-content\/uploads\/2024\/06\/Snimka-obrazovky-2024-06-25-o-20.11.02-600x392.png 600w, https:\/\/dalbo-sk.com\/wp-content\/uploads\/2024\/06\/Snimka-obrazovky-2024-06-25-o-20.11.02.png 1432w\" sizes=\"(max-width: 1024px) 100vw, 1024px\" \/>\t\t\t\t\t\t\t\t\t\t\t\t\t\t\t<\/div>\n\t\t\t\t<\/div>\n\t\t\t\t<\/div>\n\t\t\t\t\t<\/div>\n\t\t\t\t<\/div>\n\t\t<div class=\"elementor-element elementor-element-3aadfbc e-flex e-con-boxed e-con e-parent\" data-id=\"3aadfbc\" data-element_type=\"container\" data-e-type=\"container\">\n\t\t\t\t\t<div class=\"e-con-inner\">\n\t\t\t\t<div class=\"elementor-element elementor-element-420088f elementor-widget elementor-widget-text-editor\" data-id=\"420088f\" data-element_type=\"widget\" data-e-type=\"widget\" data-widget_type=\"text-editor.default\">\n\t\t\t\t<div class=\"elementor-widget-container\">\n\t\t\t\t\t\t\t\t\t<p><b>CULTITRAIL \u0161tandardn\u00e1 v\u00fdbava<\/b><\/p><ul><li>Plne hydraulick\u00e9 skladanie a rozkladanie sekci\u00ed. Prep\u00ednanie z jazda po cest\u00e1ch do po\u013enej prev\u00e1dzky bez opustenia traktora.<\/li><li>LED osvetlenie.<\/li><li>5 radov s hrotmi 45 x 10 mm s medziriadkovou vzdialenos\u0165ou 440 mm.<\/li><li>\u0160tandardn\u00e1 vzdialenos\u0165 medzi prstami 80 mm alebo 160 mm pri osaden\u00ed hrotom husej nohy.<\/li><li>Vysokov\u00fdkonn\u00e1 hydraulick\u00e1 doska na cracker.<\/li><li>Pevn\u00e9 r\u00e1my vyroben\u00e9 z kvalitnej ocele.<\/li><\/ul>\t\t\t\t\t\t\t\t<\/div>\n\t\t\t\t<\/div>\n\t\t\t\t\t<\/div>\n\t\t\t\t<\/div>\n\t\t<div class=\"elementor-element elementor-element-a7c77fc e-flex e-con-boxed e-con e-parent\" data-id=\"a7c77fc\" data-element_type=\"container\" data-e-type=\"container\">\n\t\t\t\t\t<div class=\"e-con-inner\">\n\t\t<div class=\"elementor-element elementor-element-cbecf4b e-con-full e-flex e-con e-child\" data-id=\"cbecf4b\" data-element_type=\"container\" data-e-type=\"container\">\n\t\t\t\t<div class=\"elementor-element elementor-element-fa52ba3 elementor-widget elementor-widget-text-editor\" data-id=\"fa52ba3\" data-element_type=\"widget\" data-e-type=\"widget\" data-widget_type=\"text-editor.default\">\n\t\t\t\t<div class=\"elementor-widget-container\">\n\t\t\t\t\t\t\t\t\t<p><b>Cracker doska<span class=\"Apple-converted-space\">\u00a0<\/span><\/b><\/p><p>CULTITRAIL je vybaven\u00fd hydraulicky nastavite\u013enou doskou na cracker. Doska sa sklad\u00e1 z pevn\u00fdch 80 mm pru\u017einov\u00fdch hrotov a je vybaven\u00e1 200 x 12 mm uhlov\u00fdmi oporn\u00fdmi bodmi.<\/p><p>V\u010faka tomu je ide\u00e1lny na drvenie hrud a vyrovn\u00e1vanie p\u00f4dy, \u010d\u00edm zanech\u00e1va p\u00f4du kypr\u00fa a rovnomern\u00fa. Na dosiahnutie optim\u00e1lnych pracovn\u00fdch podmienok a t\u00fdm aj efektu crackerovej dosky odpor\u00fa\u010dame pracovn\u00fa r\u00fdchlos\u0165 8-12 km\/h.<\/p>\t\t\t\t\t\t\t\t<\/div>\n\t\t\t\t<\/div>\n\t\t\t\t<\/div>\n\t\t<div class=\"elementor-element elementor-element-2c3ce1b e-con-full e-flex e-con e-child\" data-id=\"2c3ce1b\" data-element_type=\"container\" data-e-type=\"container\">\n\t\t\t\t<div class=\"elementor-element elementor-element-ac4a6a7 elementor-widget elementor-widget-image\" data-id=\"ac4a6a7\" data-element_type=\"widget\" data-e-type=\"widget\" data-widget_type=\"image.default\">\n\t\t\t\t<div class=\"elementor-widget-container\">\n\t\t\t\t\t\t\t\t\t\t\t\t\t\t\t<img loading=\"lazy\" decoding=\"async\" width=\"1024\" height=\"632\" src=\"https:\/\/dalbo-sk.com\/wp-content\/uploads\/2024\/06\/Snimka-obrazovky-2024-06-25-o-20.12.36-1024x632.png\" class=\"attachment-large size-large wp-image-2651\" alt=\"\" srcset=\"https:\/\/dalbo-sk.com\/wp-content\/uploads\/2024\/06\/Snimka-obrazovky-2024-06-25-o-20.12.36-1024x632.png 1024w, https:\/\/dalbo-sk.com\/wp-content\/uploads\/2024\/06\/Snimka-obrazovky-2024-06-25-o-20.12.36-300x185.png 300w, https:\/\/dalbo-sk.com\/wp-content\/uploads\/2024\/06\/Snimka-obrazovky-2024-06-25-o-20.12.36-768x474.png 768w, https:\/\/dalbo-sk.com\/wp-content\/uploads\/2024\/06\/Snimka-obrazovky-2024-06-25-o-20.12.36-600x370.png 600w, https:\/\/dalbo-sk.com\/wp-content\/uploads\/2024\/06\/Snimka-obrazovky-2024-06-25-o-20.12.36.png 1432w\" sizes=\"(max-width: 1024px) 100vw, 1024px\" \/>\t\t\t\t\t\t\t\t\t\t\t\t\t\t\t<\/div>\n\t\t\t\t<\/div>\n\t\t\t\t<\/div>\n\t\t\t\t\t<\/div>\n\t\t\t\t<\/div>\n\t\t<div class=\"elementor-element elementor-element-64d4824 e-flex e-con-boxed e-con e-parent\" data-id=\"64d4824\" data-element_type=\"container\" data-e-type=\"container\">\n\t\t\t\t\t<div class=\"e-con-inner\">\n\t\t<div class=\"elementor-element elementor-element-cb98c85 e-con-full e-flex e-con e-child\" data-id=\"cb98c85\" data-element_type=\"container\" data-e-type=\"container\">\n\t\t\t\t<div class=\"elementor-element elementor-element-b5fcc69 elementor-widget elementor-widget-image\" data-id=\"b5fcc69\" data-element_type=\"widget\" data-e-type=\"widget\" data-widget_type=\"image.default\">\n\t\t\t\t<div class=\"elementor-widget-container\">\n\t\t\t\t\t\t\t\t\t\t\t\t\t\t\t<img loading=\"lazy\" decoding=\"async\" width=\"1024\" height=\"632\" src=\"https:\/\/dalbo-sk.com\/wp-content\/uploads\/2024\/06\/Snimka-obrazovky-2024-06-25-o-20.17.55-1024x632.png\" class=\"attachment-large size-large wp-image-2652\" alt=\"\" srcset=\"https:\/\/dalbo-sk.com\/wp-content\/uploads\/2024\/06\/Snimka-obrazovky-2024-06-25-o-20.17.55-1024x632.png 1024w, https:\/\/dalbo-sk.com\/wp-content\/uploads\/2024\/06\/Snimka-obrazovky-2024-06-25-o-20.17.55-300x185.png 300w, https:\/\/dalbo-sk.com\/wp-content\/uploads\/2024\/06\/Snimka-obrazovky-2024-06-25-o-20.17.55-768x474.png 768w, https:\/\/dalbo-sk.com\/wp-content\/uploads\/2024\/06\/Snimka-obrazovky-2024-06-25-o-20.17.55-600x370.png 600w, https:\/\/dalbo-sk.com\/wp-content\/uploads\/2024\/06\/Snimka-obrazovky-2024-06-25-o-20.17.55.png 1432w\" sizes=\"(max-width: 1024px) 100vw, 1024px\" \/>\t\t\t\t\t\t\t\t\t\t\t\t\t\t\t<\/div>\n\t\t\t\t<\/div>\n\t\t\t\t<\/div>\n\t\t<div class=\"elementor-element elementor-element-8694c9e e-con-full e-flex e-con e-child\" data-id=\"8694c9e\" data-element_type=\"container\" data-e-type=\"container\">\n\t\t\t\t<div class=\"elementor-element elementor-element-43349ba elementor-widget elementor-widget-text-editor\" data-id=\"43349ba\" data-element_type=\"widget\" data-e-type=\"widget\" data-widget_type=\"text-editor.default\">\n\t\t\t\t<div class=\"elementor-widget-container\">\n\t\t\t\t\t\t\t\t\t<p><b><span class=\"Apple-converted-space\">\u00a0<\/span>Sekcia br\u00e1ny<\/b><\/p><p>Sekcia br\u00e1ny na CULTITRAIL pozost\u00e1va z 5 radov \u0161tandardne vybaven\u00fdch robustn\u00fdmi S-pru\u017einov\u00fdmi prstami.<\/p><p>Rozostup hrotov je 80 mm, \u010do je rovnomerne rozlo\u017een\u00e9 po pracovnej \u0161\u00edrke a rozstup medzi radmi je 440 mm.<\/p><p>To zais\u0165uje optim\u00e1lnu kultiv\u00e1ciu a premie\u0161avanie p\u00f4dy, ako aj \u013eahk\u00fd prechod p\u00f4dy a rastlinn\u00fdch zvy\u0161kov cez kultiv\u00e1tor.<\/p>\t\t\t\t\t\t\t\t<\/div>\n\t\t\t\t<\/div>\n\t\t\t\t<\/div>\n\t\t\t\t\t<\/div>\n\t\t\t\t<\/div>\n\t\t<div class=\"elementor-element elementor-element-df1554e e-flex e-con-boxed e-con e-parent\" data-id=\"df1554e\" data-element_type=\"container\" data-e-type=\"container\">\n\t\t\t\t\t<div class=\"e-con-inner\">\n\t\t<div class=\"elementor-element elementor-element-027daea e-con-full e-flex e-con e-child\" data-id=\"027daea\" data-element_type=\"container\" data-e-type=\"container\">\n\t\t\t\t<div class=\"elementor-element elementor-element-863d0e0 elementor-widget elementor-widget-text-editor\" data-id=\"863d0e0\" data-element_type=\"widget\" data-e-type=\"widget\" data-widget_type=\"text-editor.default\">\n\t\t\t\t<div class=\"elementor-widget-container\">\n\t\t\t\t\t\t\t\t\t<p><b>\u0160\u00edpkov\u00e9 radli\u010dky<\/b><\/p>\n<p>CULTITRAIL je mo\u017en\u00e9 vybavi\u0165 aj robustn\u00fdmi dvojit\u00fdmi pru\u017einov\u00fdmi hrotmi s hrotom na husiu nohu.<\/p>\n<p>T\u00e1to konfigur\u00e1cia je vhodn\u00e1 na obr\u00e1banie strniska alebo predt\u00fdm obr\u00e1banej p\u00f4dy.<\/p>\n<p>Rozostup hrotov v tomto nastaven\u00ed je 160 mm, \u010do zais\u0165uje dobr\u00fd priechod p\u00f4dy a rastlinn\u00fdch zvy\u0161kov cez kultiv\u00e1tor.<\/p>\n<p><\/p>\t\t\t\t\t\t\t\t<\/div>\n\t\t\t\t<\/div>\n\t\t\t\t<\/div>\n\t\t<div class=\"elementor-element elementor-element-3df58f3 e-con-full e-flex e-con e-child\" data-id=\"3df58f3\" data-element_type=\"container\" data-e-type=\"container\">\n\t\t\t\t<div class=\"elementor-element elementor-element-52f1bc4 elementor-widget elementor-widget-image\" data-id=\"52f1bc4\" data-element_type=\"widget\" data-e-type=\"widget\" data-widget_type=\"image.default\">\n\t\t\t\t<div class=\"elementor-widget-container\">\n\t\t\t\t\t\t\t\t\t\t\t\t\t\t\t<img loading=\"lazy\" decoding=\"async\" width=\"1024\" height=\"632\" src=\"https:\/\/dalbo-sk.com\/wp-content\/uploads\/2024\/06\/Snimka-obrazovky-2024-06-25-o-20.19.20-1024x632.png\" class=\"attachment-large size-large wp-image-2653\" alt=\"\" srcset=\"https:\/\/dalbo-sk.com\/wp-content\/uploads\/2024\/06\/Snimka-obrazovky-2024-06-25-o-20.19.20-1024x632.png 1024w, https:\/\/dalbo-sk.com\/wp-content\/uploads\/2024\/06\/Snimka-obrazovky-2024-06-25-o-20.19.20-300x185.png 300w, https:\/\/dalbo-sk.com\/wp-content\/uploads\/2024\/06\/Snimka-obrazovky-2024-06-25-o-20.19.20-768x474.png 768w, https:\/\/dalbo-sk.com\/wp-content\/uploads\/2024\/06\/Snimka-obrazovky-2024-06-25-o-20.19.20-600x370.png 600w, https:\/\/dalbo-sk.com\/wp-content\/uploads\/2024\/06\/Snimka-obrazovky-2024-06-25-o-20.19.20.png 1432w\" sizes=\"(max-width: 1024px) 100vw, 1024px\" \/>\t\t\t\t\t\t\t\t\t\t\t\t\t\t\t<\/div>\n\t\t\t\t<\/div>\n\t\t\t\t<\/div>\n\t\t\t\t\t<\/div>\n\t\t\t\t<\/div>\n\t\t<div class=\"elementor-element elementor-element-9e249a5 e-flex e-con-boxed e-con e-parent\" data-id=\"9e249a5\" data-element_type=\"container\" data-e-type=\"container\">\n\t\t\t\t\t<div class=\"e-con-inner\">\n\t\t\t\t<div class=\"elementor-element elementor-element-3fcb2f2 elementor-widget elementor-widget-text-editor\" data-id=\"3fcb2f2\" data-element_type=\"widget\" data-e-type=\"widget\" data-widget_type=\"text-editor.default\">\n\t\t\t\t<div class=\"elementor-widget-container\">\n\t\t\t\t\t\t\t\t\t<p><b>Pr\u00edslu\u0161enstvo a extra v\u00fdbava<\/b><\/p><ul><li>1-radov\u00e9 br\u00e1ny s 12 mm hrotmi br\u00e1ny, zadn\u00e9<\/li><li>Priame hroty, 45 x 10 mm<\/li><li>Odstra\u0148ova\u010d trat\u00ed<\/li><li>Klietkov\u00fd valec\/paker \u00d8400 mm, zadn\u00fd<\/li><li>Zadn\u00e1 vyrovn\u00e1vacia doska<\/li><li>Zadn\u00fd oce\u013eov\u00fd valec Crosskill<\/li><li>Valec\/paker s ploch\u00fdmi ty\u010dami \u00d8400 mm, zadn\u00fd<\/li><\/ul>\t\t\t\t\t\t\t\t<\/div>\n\t\t\t\t<\/div>\n\t\t\t\t\t<\/div>\n\t\t\t\t<\/div>\n\t\t\t\t<\/div>\n\t\t","protected":false},"excerpt":{"rendered":"<p>CULTITRAIL 500-600 CULTITRAIL je \u0165ahan\u00fd z\u00e1honov\u00fd kultiv\u00e1tor s prepravnou \u0161\u00edrkou len 2,50 m. Jednoduch\u00e1 kon\u0161trukcia je vybaven\u00e1 hydraulicky nastavite\u013enou doskou a 5-radovou sekciou br\u00e1ny s pru\u017einov\u00fdmi hrotmi, ktor\u00e1 poskytuje v\u00fdnimo\u010dn\u00fd kultiva\u010dn\u00fd efekt. CULTITRAIL predstavuje jednoduchos\u0165 a produktivitu spojen\u00fa v jednom stroji. Technick\u00e9 parametre \u00a0N\u00e1\u0161 CULTITRAIL je vynikaj\u00facim n\u00e1strojom pre farm\u00e1rov, ktor\u00ed potrebuj\u00fa jednoduch\u00fd, ale efekt\u00edvny&#8230;<\/p>\n","protected":false},"author":1,"featured_media":0,"parent":0,"menu_order":0,"comment_status":"closed","ping_status":"closed","template":"","meta":{"om_disable_all_campaigns":false,"_monsterinsights_skip_tracking":false,"_monsterinsights_sitenote_active":false,"_monsterinsights_sitenote_note":"","_monsterinsights_sitenote_category":0,"_kad_post_transparent":"","_kad_post_title":"hide","_kad_post_layout":"fullwidth","_kad_post_sidebar_id":"","_kad_post_content_style":"unboxed","_kad_post_vertical_padding":"hide","_kad_post_feature":"hide","_kad_post_feature_position":"","_kad_post_header":false,"_kad_post_footer":false,"footnotes":""},"class_list":["post-2639","page","type-page","status-publish","hentry"],"aioseo_notices":[],"_links":{"self":[{"href":"https:\/\/dalbo-sk.com\/index.php\/wp-json\/wp\/v2\/pages\/2639"}],"collection":[{"href":"https:\/\/dalbo-sk.com\/index.php\/wp-json\/wp\/v2\/pages"}],"about":[{"href":"https:\/\/dalbo-sk.com\/index.php\/wp-json\/wp\/v2\/types\/page"}],"author":[{"embeddable":true,"href":"https:\/\/dalbo-sk.com\/index.php\/wp-json\/wp\/v2\/users\/1"}],"replies":[{"embeddable":true,"href":"https:\/\/dalbo-sk.com\/index.php\/wp-json\/wp\/v2\/comments?post=2639"}],"version-history":[{"count":17,"href":"https:\/\/dalbo-sk.com\/index.php\/wp-json\/wp\/v2\/pages\/2639\/revisions"}],"predecessor-version":[{"id":2668,"href":"https:\/\/dalbo-sk.com\/index.php\/wp-json\/wp\/v2\/pages\/2639\/revisions\/2668"}],"wp:attachment":[{"href":"https:\/\/dalbo-sk.com\/index.php\/wp-json\/wp\/v2\/media?parent=2639"}],"curies":[{"name":"wp","href":"https:\/\/api.w.org\/{rel}","templated":true}]}}